the hundreds digit of r?
4
Let i(n) = 269*n**2 - n - 2. What is the hundreds digit of i(-4)?
3
Suppose 2*n = -2*c + 982, -3*c - 3*n + 5*n + 1453 = 0. What is the hundreds digit of c?
4
Suppose 17*f + 2880 = 3*z + 13*f, f = -z + 953. What is the tens digit of z?
5
Suppose -2*x = 3*i - 791, -3*x + 842 = 5*i - 342. What is the units digit of x?
3
Suppose -6*b = -8*b + 2. Let q = b - -3. Suppose 5*c + 40 = q*g, -2*g - 2*c - 2 = c. What is the units digit of g?
5
Let i = 20 - -1675. What is the hundreds digit of i?
6
Suppose 317 = -2*m + 1395. What is the hundreds digit of m?
5
Let s = 5115 + -2793. What is the hundreds digit of s?
3
Let a = 70 + -79. Let x(f) = f**2 + 10*f + 18. What is the units digit of x(a)?
9
Let l(p) = -p. Let u be l(-4). Suppose -u*r = -6*r + 60. What is the units digit of r?
0
Suppose -o + 8 = 4*d - 0*d, 23 = 3*d + 5*o. Suppose l - 6 = -d, 0 = -5*m - 3*l + 30. What is the units digit of m?
3
Let g be -82 - (3 + -4 + 0). Let a be (g - 6)*3/(-9). Suppose -2*f = -r - 31, -f + 2*r + a = -3*r. What is the units digit of f?
4
Let t(p) = p**3 - 14*p**2 - 38. What is the units digit of t(17)?
9
What is the units digit of (-10)/(5 - 7) - (-856 + -2)?
3
Suppose 11*f - 6*f + 150 = 0. Let c = 66 + f. Suppose 0 = 3*n + v - c, 5*n - 50 = -5*v. What is the units digit of n?
3
What is the units digit of 471*(2 - -4) - 1?
5
Suppose 0 = 8*a + 569 - 2121. Suppose -a = -2*b + n, -2*b - 3*b - 3*n + 463 = 0. What is the tens digit of b?
9
Suppose -86 = -0*a + 2*a. Let n be (-5)/(-15) + -2*106/(-3). Let q = n + a. What is the units digit of q?
8
Let d = 8 + -16. Let p = d - -45. Suppose -5*i + 3*c + 112 = 0, p + 53 = 4*i - 2*c. What is the units digit of i?
3
Suppose i - n = 149, n - 16 = 5*n. Let v = i + -80. What is the units digit of v?
5
What is the thousands digit of 2*((-4172)/(-8) - 2 - -5)?
1
Let f = -131 + 401. Suppose -m - 3*m + 222 = -2*z, 5*m - z = f. What is the tens digit of m?
5
Let j be 46255/116 + 2/8. Let l = -239 + j. What is the tens digit of l?
6
Let l = 1 - 9. Let h(t) = -t + 1. Let i(c) = -c**3 - 8*c**2 - 3*c - 15. Let d(p) = 5*h(p) + i(p). What is the tens digit of d(l)?
5
Let b(p) = 4*p + 0*p**2 - 2*p**2 - 3 + 3*p**2. Let q(g) = -g**2 - 5*g + 19. Let y be q(-8). What is the units digit of b(y)?
2
What is the tens digit of -4 + -4*(-20)/16 + 1774?
7
Suppose 4*o + l = 10640, 4*l - 520 = -2*o + 4786. What is the hundreds digit of o?
6
Suppose -2*v = -5*g + 2446, -2*g + 7*g = -4*v + 2458. What is the tens digit of g?
9
Suppose 3043 = 9*o - 6*o + 2*h, -3*o + 3029 = -5*h. What is the tens digit of o?
1
Let p be 65 - (0/(-3) + -2). Suppose 0 = 2*v - v - p. What is the tens digit of v?
6
Suppose -3*i - 4*h + 6688 = 0, 2*i + 4*h - 4460 = h. What is the thousands digit of i?
2
Suppose -5*l + 2*l = -4*l. Suppose -s + 23 = m, l*m = 2*s - 4*m - 22. What is the units digit of s?
9
Let j be 26/8 - 2/8. Suppose -26 = -5*w + 4*h, w = -j*w - 2*h. What is the units digit of w?
2
Suppose -4*t = -o - 4*o - 8412, 3*t - o - 6298 = 0. What is the tens digit of t?
9
What is the tens digit of -3*((-20)/(-10))/((-12)/1858)?
2
Let q(t) = -t**2 - t + 7. Let w be q(-3). What is the tens digit of (-6)/2*w/((-6)/236)?
1
Let i = 8 + -2. What is the tens digit of 4/i - 606/(-9)?
6
Let s be 3 + (-8)/14*(-49)/14. Suppose 1 = 4*p + s, d - 5*p = 109. What is the units digit of d?
4
Let i(j) = -49*j + 160. What is the units digit of i(-37)?
3
Let q be 2/11 + (-180)/(-99). Let p be 1/2*8/q. Suppose -5*w = -p*w - 6. What is the units digit of w?
2
Let o be (-18)/(-63) + (-52)/(-14). Let m = 51 - o. What is the units digit of m?
7
Let z be (13 - 2)/(2/10). Suppose 5*k + 0*k - z = 0. Let v = 34 - k. What is the tens digit of v?
2
Let f(t) = -4*t + 1. Let g be f(-2). Let r(w) = 2*w**2 + w + 1. Let j(i) = 3*i**2 + 8*i + 1. Let x(n) = -2*j(n) + 4*r(n). What is the tens digit of x(g)?
5
Let a(m) = m**2 + 7*m - 5. Let v(i) = 6*i**2 + 4*i + 1. Let q be v(-3). Suppose -8*k - q = 45. What is the units digit of a(k)?
9
Let j(z) = z**3 - 2*z**2 + 5*z + 9. Let x be j(-3). Let p = x - -68. What is the units digit of p?
7
Let b(s) = s**3 - 5*s**2 - 4*s - 7. Let k be b(6). Let h = 16 - k. Let r(l) = -l**3 + 10*l**2 + 13*l + 12. What is the tens digit of r(h)?
3
Suppose 4*l - 1344 = -0*l. What is the units digit of l?
6
Let h(f) = 39*f**2 - 314*f + 17. What is the units digit of h(12)?
5
Suppose -4*k - 389 = -m, -2*m + 767 = -k + 4*k. What is the units digit of m?
5
Let n = -370 + 721. What is the tens digit of n?
5
Let s be 2*650/(-4) - -2. Let l be 5*(-28)/(-20) - 5. What is the units digit of l/13 + s/(-13)?
5
Suppose 0 = -13*l - 2578 + 7583. What is the hundreds digit of l?
3
Let y(p) = 3 + p**3 - 2*p**3 + p**2 - p + 11*p - 6*p**2. What is the tens digit of y(-7)?
3
Let h be (-2 - (-18)/4)*1368/60. Suppose 0 = -3*p - 0*p - 5*r + h, 3*r + 9 = 0. What is the units digit of p?
4
Suppose -2*i - 10 = 0, 24 = -4*w - 2*i + 2. What is the units digit of 5/(5/39) + w?
6
Let v = -459 + 762. What is the tens digit of v*(4 - (-50)/(-15))?
0
Let s = 1405 - 472. What is the tens digit of s?
3
Let c = -37 + 40. Suppose -278 + 81 = -2*f - 5*x, 3*x + c = 0. What is the hundreds digit of f?
1
Suppose 6*u = -15 + 39. What is the tens digit of (-2 - -6 - -9)/(2/u)?
2
Let t(x) = -2*x. Let k be t(-1). Let d(u) = -u**2 + 4*u. Let z be d(k). What is the units digit of 286/12 + z/24?
4
Let n(x) = -3*x - 6. Let b be n(-3). Suppose -b*d - 5 = -4*d. What is the units digit of d?
5
Let b(f) = f**3 + 7*f**2 - 9*f - 5. Let i be b(-8). Suppose 20 = -4*t, 4*q + i*t - 144 = -t. What is the units digit of q?
1
Let a(m) = -27*m**3 - m**2 + 3*m + 2. Let r be a(-2). Suppose 0 = -2*d + l - 4*l + r, -l = 0. What is the hundreds digit of d?
1
Let w(a) = 187*a**3 - 2*a**2 - 9*a + 38. What is the thousands digit of w(3)?
5
Let u(w) = 18*w. Let s be u(-5). Suppose -4*g - 685 = -5*q, -371 = 3*g - 3*q + 139. Let k = s - g. What is the units digit of k?
5
Let f = 22 - -20. Suppose 4*a = -2*c + f, 0 = 2*a + 3*a - 3*c - 58. What is the units digit of a?
1
Suppose 5*q - 3*q - 854 = -4*b, 3*b - 628 = q. What is the hundreds digit of b?
2
Let b(u) be the third derivative of -u**4 + 33*u**2. What is the units digit of b(-8)?
2
What is the hundreds digit of -5*10/(-325) + (-52100)/(-26)?
0
Let n = 26 - 26. Suppose 4*m - 644 = -3*a, n*a = -5*m - 4*a + 804. What is the tens digit of m?
6
Let x(b) be the first derivative of b**4/4 - 2*b**3 + 9*b**2/2 + 6*b + 38. What is the hundreds digit of x(7)?
1
Suppose -19*s - 4656 = -13624. What is the hundreds digit of s?
4
Suppose r - y = -r + 4, -5*r - y = -17. Suppose 104 = r*x - 169. What is the units digit of x?
1
Let q(d) = 5*d**2 + 4 - 4*d - 6 - 10. What is the units digit of q(5)?
3
Let m = 494 - 223. What is the tens digit of m?
7
Suppose -r - 45 = -3*y + 2*r, -10 = 5*r. Let o = y + 96. What is the tens digit of o?
0
Suppose 0 = -n + 22 - 18. Suppose p - 41 = -5*w, -2*p = -n*w - 5*p + 35. What is the units digit of w?
8
Let y(t) = -4*t - 5 - 10*t - 9. Let k be y(8). Let z = -62 - k. What is the units digit of z?
4
Suppose 31 = -4*j + 35. What is the tens digit of j/5 + (-5145)/(-25) + -2?
0
Suppose 5*m - 5 = 4*j - 1, -4*m - j - 1 = 0. Suppose m = -4*i - 34 + 10. Let c(s) = s**3 + 5*s**2 - 12*s - 19. What is the tens digit of c(i)?
1
Suppose -2*v - 263 = 261. Let q = v + 439. What is the tens digit of q?
7
Let q be -5 + 70*-4 - -1. What is the units digit of (q/8)/((-4)/8)?
1
What is the units digit of (-5)/(-10) + (-2085)/(-6)?
8
Let d(z) = z**3 + 6*z**2 + 5*z - 4. Let i be d(-3). Let g(t) = 8*t + i + t**2 + 5*t - 13*t. What is the tens digit of g(7)?
5
Suppose 0*w - 3*w + 3774 = 0. What is the thousands digit of w?
1
What is the thousands digit of (128/24)/(6436/(-2148) - -3)?
1
Let c be 4*(5/2 + -9 + 7). Suppose -c*r - 23 = -203. What is the tens digit of r?
9
Suppose -11 = -4*l - 115. Let c = 89 + l. What is the units digit of c?
3
Suppose 0 = 4*u - 3*a - 14247, -14*u + 16*u - 4*a = 7126. What is the hundreds digit of u?
5
Let u = 96 + -32. Suppose -4*j + 149 = 3*l, u = 2*j - 3*l + 3. What is the tens digit of j?
3
Let n(u) = -u + 12. Suppose -15 = -3*m, 2*x + 2*m - 7 = 3*m. What is the units digit of n(x)?
6
Let m(q) = -q**2 - 5*q - 2. Let b be m(-4). Let f be 110/88 + (-3